 + -6 + 8?
-6
Calculate (-1 - 3) + (-1 - -3 - 3).
-5
Calculate -7 + -2 - (16 + -24).
-1
Evaluate 3 + (3 - 1) + -4 - -3.
4
Calculate -3 + 17 + -9 - (3 - 0).
2
(-7 - (-7 + 7)) + 3
-4
Evaluate (2 - 4) + 1 + -1 + -1.
-3
Evaluate (2 - -1) + (-13 - -3) + 4.
-3
Evaluate (8 - 0) + -5 + -2 - 2.
-1
Evaluate (2 - -2) + -1 + -4 + 0.
-1
What is the value of -10 + 11 + (1 - 9)?
-7
What is the value of -7 + 3 + -4 - (-7 + 4)?
-5
5 + (-2 + -6 - -10 - -4)
11
What is 4 + 3 + (-2 - -1) + -2?
4
Calculate -5 - (-13 - -11) - -10.
7
What is (4 + 3 - 17) + 9?
-1
Evaluate 7 - (-14 - (7 - 21)).
7
What is -4 + -5 + 13 + -5?
-1
Evaluate -2 + (0 + -2 - (6 + -11)).
1
Calculate (8 - (4 + 0)) + -3.
1
Calculate 17 + -6 + -5 - 2.
4
What is the value of 1 - (-1 + -3) - 4 - -2?
3
Calculate 6 + -4 + -6 - -4.
0
2 + -2 + -3 - (-6 + 6)
-3
What is (4 - (4 - -1 - 6)) + -5?
0
Evaluate 4 + -2 - -1 - 0.
3
What is the value of -4 - 1 - (7 + (-5 - 5))?
-2
What is (0 - -5) + (18 - -3) + -34?
-8
-1 - (-2 + -3 + 3)
1
Calculate -2 + 5 + -1 - -4.
6
3 + 5 + (-6 - -1)
3
-5 + (-4 - -20) - 6
5
What is the value of (-2 - -5) + 5 + -4?
4
Calculate 2 + -5 + (-3 + 2 - -5).
1
Calculate (4 - 1) + (1 - -1) + -4.
1
3 + (0 - 4 - -2)
1
1 + (0 - 4) + 5
2
-2 - (-7 + 3) - 2
0
What is 11 + -28 + 11 + 11?
5
What is (1 - 2) + (15 - 8) + -5?
1
What is the value of 0 - (4 - 3 - (-1 + 7))?
5
Evaluate (-3 - (-5 + 11) - -4) + 6.
1
What is (-22 + 14 - -23) + -15?
0
Calculate 3 + (-5 - (-6 + 3)).
1
What is 7 + (24 + -21 - (7 + -1))?
4
What is -2 + (0 - (2 - 2) - -1)?
-1
What is 5 + -2 + 0 - 1 - 4?
-2
Evaluate (35 - 30) + -15 + 1.
-9
What is the value of 1 - 9 - -2 - (2 + -3)?
-5
Evaluate 5 + 7 + -2 - 2 - 7.
1
Evaluate -3 + (-4 - -6) - -5 - 3.
1
Evaluate (-8 - (1 + -5)) + 1 + -3.
-6
What is -12 - (2 - (12 - 3))?
-5
Evaluate 16 - 20 - (1 + -2).
-3
What is the value of -1 + (0 - ((2 - 2) + -4))?
3
What is the value of 11 + -8 + -12 + 6 + -1?
-4
-34 - -45 - (-1 + 8)
4
Evaluate 5 - (4 + 0 + -5 + 2).
4
Calculate 0 + (8 - (8 - 2)) - 7.
-5
What is (0 + -4 - (-16 - -11)) + 3?
4
Calculate (-1 - -5 - 14) + 6.
-4
5 - (-2 + 18 - 7)
-4
-1 + 5 - (22 + -21)
3
What is (9 - 3) + -5 - -1?
2
Evaluate 8 - (9 - (-2 + 2)).
-1
Calculate -4 - (-3 + 4 - 3).
-2
What is 3 - (-1 + 1 - (3 - 2))?
4
(-4 - -4 - -5 - 2) + 0
3
Calculate -11 + 2 + -2 + 17 + -13.
-7
Calculate -3 + (-3 - -1) + 0.
-5
Evaluate -4 + 4 + 0 + -6 + 7.
1
Calculate -1 + (3 - -2) - (1 + 5).
-2
What is the value of 7 - (0 + -2 - -2)?
7
Calculate ((0 - -1) + -7 - -4) + 2.
0
Calculate 4 + (-6 - 1) - 2.
-5
4 + -1 + -4 + 2 + 0
1
Evaluate -1 + 0 - (0 + (-1 - 1)).
1
What is the value of -4 - (-4 + 3 - 3)?
0
Evaluate (5 - 4 - 1) + 5.
5
What is the value of -6 + 0 - (2 + -7 + 2)?
-3
(0 - 1 - -3) + (59 - 63)
-2
What is -3 + (4 + 3 + -6 - -1)?
-1
What is the value of (1 - -5) + (-23 - -21)?
4
What is the value of (2 - (2 + 0)) + (-34 - -29)?
-5
(-10 - -9) + -3 + (2 - 3)
-5
What is -3 + 1 - (12 + -14)?
0
What is the value of 0 + -2 - (-2 - 3 - -3)?
0
What is the value of 7 + -6 - (0 - -1)?
0
Calculate (0 - -1 - 4) + 7 + -2.
2
Evaluate -1 + -1 - (0 + (10 - 7)).
-5
What is -1 + (-11 + 5 - -3) - 0?
-4
Calculate 0 + (1 - (-4 - -1)).
4
Evaluate -9 + 7 - -5 - 0.
3
Evaluate -1 + 3 + -5 + 4.
1
-1 + -2 + 0 + 2 + 6
5
What is the value of -14 + 1 + (12 - 1)?
-2
What is 10 + -9 - (6 + -2)?
-3
(4 - 2) + -4 - 2
-4
Calculate -3 - 9 - (-7 + 1).
-6
What is the value of -7 + 5 + -7 + 0 + 5?
-4
What is -4 + 2 + 10 - 5?
3
What is the value of (-12 - -9) + 1 + 3 + 3?
4
-5 + 2 + 2 - (1 + 0)
-2
Evaluate -112 + 100 - (-4 + -1).
-7
What is the value of 6 - 2 - (1 - 2 - -10)?
-5
(10 - ((-4 - -2) + 6)) + 0
6
What is the value of 5 + (6 + -4 - 5) - -4?
6
What is (5 - 11) + 0 + (4 - 2)?
-4
What is (5 - 8) + 3 + -5?
-5
-10 - (-33 - -6 - -12)
5
2 - (3 + -2 + 6)
-5
What is the value of 2 + -2 + -5 + 3 + 3?
1
7 - 5 - (1 + -1) - 5
-3
What is (4 - 10) + (6 - 5)?
-5
What is the value of 2 + 0 + 2 + -5?
-1
Evaluate 7 + -8 + 1 + -1.
-1
What is the value of (0 + 0 - (0 - 2)) + 0?
2
What is the value of 1 + -1 - (-3 + (-4 - -2))?
5
(4 - 1) + (7 - 14)
-4
What is 4 + (2 - -3 - 8)?
1
Evaluate 2 + (0 - (4 + -6)).
4
What is -4 + 5 + 0 + -2 + 3?
2
Evaluate 9 - (17 + -14 - -12).
-6
What is 18 + 0 + 18 + -30?
6
(25 - 31) + (1 - 0) + 1
-4
Evaluate -6 + (-2 - (-10 - -3)).
-1
3 - (10 - (10 + -4))
-1
Calculate -3 - -5 - (-2 + 0).
4
Evaluate 8 + -9 - (-7 + -1).
7
What is the value of (4 + 0 + -4 - -1) + -5?
-4
What is (-2 - 2) + 3 + 2?
1
(2 - 1 - -2) + (-16 - -12)
-1
What is the value of (2 - 2) + 4 + -3 + 3?
4
Calculate 21 - 18 - (0 - (-1 - 1)).
1
-21 + 11 - (3 + -15)
2
Calculate 20 + -15 - (0 + 4) - 2.
-1
Calculate -8 + (9 - -9) - 11.
-1
Evaluate -7 - (-18 - -9 - -3).
-1
What is the value of 4 + -8 + 11 - 2?
5
What is the value of 1 - (0 + 2) - (9 - 5)?
-5
What is the value of -1 - 1 - 6 - -11?
3
Calculate 1 + 3 + 1 + 0.
5
What is the value of 6 + (4 - 16) + 4 - -1?
-1
Calculate 0 - (-3 - (1 + -3 + 6)).
7
0 - (-9 - -6 - -1)
2
What is 3 + (-8 + 3 - -5 - 2)?
1
Evaluate 3 - -3 - 0 - 1.
5
What is 4 - (7 + (2 - 4))?
-1
Evaluate -20 + 10 + -9 + 11.
-8
What is the value of -2 - 1 - (4 + -4)?
-3
Calculate -4 - 0 - (13 - 17).
0
What is the value of -5 + (-5 + 22 - 9)?
3
What is the value of -5 - (1 - (10 - 9)) - -4?
-1
(-2 - -6) + -2 + 2 + -5
-1
-1 - (2 - 3) - (-23 + 26)
-3
Evaluate 7 - 3 - (2 + (-5 - -8)).
-1
Calculate 25 - 25 - (-4 - 0).
4
Evaluate (-45 - -45) + 5 + -1.
4
What is -1 + 3 + 19 + 0 + -21?
0
Calculate -2 + (3 - -1) + 2.
4
3 + -8 - (-4 + 4 + 0)
-5
-8 + 0 - (18 + -27)
1
Calculate 4 + 9 + (-7 - -2).
8
What is -16 - (-10 - (-11 + 11))?
-6
Calculate -1 - ((-3 - (-3 + -4)) + -6).
1
Evaluate (-1 - 0) + -3 + (20 - 17).
-1
Calculate -4 + 6 + -3 + (8 - 2).
5
Calculate -3 - -1 - (17 - 13).
-6
Evaluate (-46 - -40) + 3 + -1 + -2.
-6
What is 1 - -3 - (-5 - (-9 + -7))?
-7
What is the value of 2 - (-1 - -7 - 2 - -2)?
-4
4 + -6 + 10 - 3
5
What is the value of -2 + -1 + -1 + -22 + 23?
-3
What is (0 - 8) + 4 + 0 + -1?
-5
5 - (2 - 2 - -6)
-1
Calculate 0 + -4 + (-19 - (2 - 25)).
0
Evaluate 10 - 3 - 12 - (0 - 5).
0
4 + (-1 - 5) + 0 - 0
-2
-16 + 15 - (6 + -3 - 9)
5
What is the value of 85 - 80 - (0 + 9 + 1)?
-5
(2 + -1 - 1) + -3 + 1
-2
Calculate -3 - 0 - -1 - -3.
1
Calculate 1 + -4 - (2 - 4 - 0).
-1
What is the value of -1 - (3 + 1 - (0 - -5))?
0
Calculate (4 - 10 - -3) + 6.
3
Evaluate 8 + -5 + 2 + -2.
3
What is -4 - (-7 + (-1 - -6))?
-2
What is 2 + -7 - (11 + -1 - 11)?
-4
Evaluate -4 + 11 - (-3 - -6).
4
Calculate 1 - ((-2 + 5 - 3) + -1).
2
Calculate (0 - (3 + -2) - 3) + 5.
1
What is 0 + 5 + -1 - -4 - 8?
0
(-3 - (0 - (3 - -1))) + -5
-4
Evaluate 1 + -3 + 3 + 2.
3
What is 10 + (-4 - (18 - 7))?
-5
What is the value of 2 - ((-10 - -7) + (12 - 3))?
-4
What is the value of -51 + 60 - (1 - -3)?
5
Evaluate (1 - -7) + (33 - 36).
5
What is the value of -5 + 1 + 24 + -16?
4
(3 + -2 - -3) + 4 + -4
4
-3 + (-1 - -2 - (24 + -19))
-7
What is the value of (3 - -2) + 0 + -7?
-2
Evaluate -7 + (7 - 10) + 17.
7
What is the value of 6 - (3 + -7 + (-3 - -14))?
-1
-2 - (5 + (-16 - -5))
4
-2 + 4 + (0 - -3) + -5
0
What is the value of 1 + (-1 - (-10 - -5)) + -8?
-3
Calculate (-3 - (-3 + 0) - 6) + 4.
-2
What is 2 - (3 - (-3 - -7))?
3
What is the value of 4 - (5 - (0 + (-6 - -2)))?
-5
5 + (-1 - (10 - 3))
-3
What is -8 + 13 - (0 - -1 - 1)?
5
What is (-3 - 1) + (1 + 5 - 5)?
-3
Calculate -7 - (10 + -2 - 8).
-7
What is -9 + 14 + (-2 - -1)?
4
Calculate 2 + -4 + -3 + 1.
-4
Evaluate 1 + 0 + -5 - (2 + -12).
6
What is 82 - 69 - (16 - -3)?
-6
What is the value of -1 + 1 - (2 + (1 - 6))?
3
What is (-11 - -2) + (59 - 54)?
-4
Evaluate (3 - 0) + -2 - 1.
0
Evaluate 3 - (-2 - 1 - -5).
1
Evaluate -5 - -7 - (0 + 7).
-5
Evaluate 3 + 4 + (2 - 1) - 3.
5
0 - (4 + 4 + -7 + 2)
-3
What is 2 - 1 - 10 - (-13 - -8)?
-4
(-2 - 0) + 4 + -2
0
What is -3 - (-6 + (4 - -4))?
-5
What is the value of (6 - -2) + -8 + 3 + -9?
-6
What is -6 + (10 - 11 - -2)?
-5
What is (4 - 5) + -1 + -1?
-3
(-3 - (4 + -2)) + (14 - 3)
6
What is 1 + -7 + (2 - -2)?
-2
Calculate (-25 - -16 - -8) + (0 - 4).
-5
Calculate 0 + -7 + 7 + -8 - -2.
-6
Calculate (2 - -6) + -7 + 4.
5
What is the value of 21 + -13 + (-11 - -5)?
2
What is 6 + (3 - (3 - -2))?
4
Evaluate (-5 - -1 - -2) + -5.
-7
Evaluate (-1 + -2 - 0) + 4.
1
Calculate (2 - 3) + -2 - (-18 + 20